54 and 26.
26
Calculate the greatest common divisor of 289 and 104329.
289
Calculate the highest common divisor of 402 and 138.
6
What is the greatest common divisor of 96 and 160?
32
Calculate the greatest common factor of 1 and 29.
1
Calculate the highest common divisor of 50 and 300.
50
What is the highest common factor of 24 and 32?
8
What is the highest common divisor of 46 and 23713?
23
What is the greatest common factor of 10 and 970?
10
Calculate the greatest common factor of 485 and 291.
97
Calculate the highest common factor of 800 and 96.
32
Calculate the greatest common divisor of 1136 and 3479.
71
What is the greatest common factor of 4802 and 14?
14
Calculate the highest common factor of 975 and 1200.
75
What is the greatest common factor of 55 and 297?
11
Calculate the greatest common divisor of 89 and 89.
89
What is the greatest common divisor of 22 and 1111?
11
Calculate the highest common divisor of 637 and 13.
13
Calculate the highest common factor of 41488 and 16.
16
Calculate the greatest common factor of 102 and 1326.
102
Calculate the greatest common divisor of 1520 and 1444.
76
Calculate the highest common factor of 2170 and 42.
14
What is the greatest common divisor of 5054 and 418?
38
Calculate the greatest common factor of 385 and 85.
5
Calculate the highest common factor of 500 and 20.
20
What is the greatest common divisor of 1421 and 49?
49
What is the highest common divisor of 1479 and 85?
17
What is the greatest common divisor of 2434 and 4?
2
What is the highest common factor of 90 and 60?
30
Calculate the greatest common divisor of 1917 and 142.
71
What is the highest common factor of 1221 and 198?
33
What is the highest common factor of 40 and 230?
10
Calculate the highest common factor of 102 and 19006.
34
Calculate the greatest common factor of 17689 and 245.
49
What is the highest common factor of 91 and 399?
7
Calculate the greatest common divisor of 75 and 270.
15
What is the highest common divisor of 18 and 333?
9
Calculate the highest common factor of 3744 and 702.
234
What is the highest common factor of 44 and 64?
4
What is the greatest common divisor of 330 and 858?
66
Calculate the greatest common divisor of 221 and 187.
17
What is the highest common divisor of 348 and 87?
87
Calculate the highest common factor of 224 and 14.
14
Calculate the highest common factor of 5675 and 100.
25
What is the highest common factor of 26 and 871?
13
Calculate the highest common divisor of 29 and 1.
1
Calculate the greatest common divisor of 185 and 595.
5
Calculate the greatest common divisor of 119 and 483.
7
What is the greatest common divisor of 27 and 2?
1
What is the highest common factor of 385 and 55?
55
Calculate the highest common divisor of 444 and 3626.
74
Calculate the greatest common divisor of 475 and 19.
19
What is the greatest common factor of 111 and 10767?
111
Calculate the greatest common divisor of 3857 and 29.
29
Calculate the greatest common divisor of 57409 and 11.
11
Calculate the highest common factor of 156 and 1014.
78
What is the greatest common factor of 333 and 259?
37
Calculate the highest common divisor of 1098 and 54.
18
What is the highest common divisor of 16 and 1208?
8
Calculate the greatest common divisor of 7678 and 22.
22
Calculate the greatest common factor of 549 and 61.
61
Calculate the highest common factor of 297 and 792.
99
What is the highest common divisor of 217 and 35?
7
What is the greatest common divisor of 3 and 1473?
3
Calculate the highest common factor of 99 and 153.
9
What is the greatest common divisor of 702 and 36?
18
What is the greatest common divisor of 308 and 1001?
77
What is the greatest common factor of 212 and 1537?
53
Calculate the highest common divisor of 70 and 14.
14
What is the highest common divisor of 855 and 380?
95
What is the highest common divisor of 65 and 1755?
65
What is the highest common factor of 27 and 4239?
27
Calculate the highest common factor of 26 and 9334.
26
Calculate the greatest common divisor of 369 and 82.
41
Calculate the greatest common factor of 400 and 72.
8
What is the highest common divisor of 1908 and 36?
36
Calculate the greatest common divisor of 190 and 266.
38
Calculate the greatest common divisor of 51 and 544.
17
What is the greatest common factor of 16 and 58?
2
Calculate the greatest common divisor of 7 and 175.
7
What is the highest common divisor of 20 and 3730?
10
What is the greatest common divisor of 17 and 5440?
17
What is the highest common divisor of 76 and 304?
76
Calculate the greatest common divisor of 608 and 2660.
76
Calculate the greatest common divisor of 65 and 3107.
13
What is the greatest common divisor of 22 and 495?
11
What is the highest common divisor of 52 and 3094?
26
What is the greatest common divisor of 6579 and 17?
17
What is the highest common divisor of 134 and 23383?
67
Calculate the greatest common divisor of 82 and 451.
41
What is the greatest common factor of 310 and 20?
10
Calculate the greatest common factor of 78 and 507.
39
Calculate the highest common factor of 2 and 5512.
2
Calculate the greatest common factor of 132 and 192.
12
Calculate the greatest common factor of 217 and 15810.
31
What is the highest common factor of 189 and 1827?
63
What is the highest common factor of 678 and 66?
6
What is the highest common factor of 452 and 339?
113
What is the greatest common factor of 4 and 18?
2
What is the greatest common factor of 198 and 550?
22
Calculate the greatest common divisor of 352 and 48.
16
What is the highest common divisor of 27 and 7713?
9
Calculate the highest common divisor of 19515 and 15.
15
Calculate the greatest common divisor of 512 and 112.
16
What is the greatest common divisor of 1023 and 11?
11
Calculate the greatest common divisor of 204 and 47532.
204
Calculate the greatest common divisor of 473 and 258.
43
Calculate the greatest common divisor of 88 and 848.
8
What is the greatest common factor of 27 and 12?
3
What is the greatest common factor of 309 and 3?
3
What is the greatest common factor of 6 and 657?
3
Calculate the highest common factor of 1606 and 3942.
146
Calculate the greatest common factor of 35 and 2023.
7
Calculate the greatest common factor of 72 and 3240.
72
What is the greatest common factor of 42 and 60?
6
What is the highest common divisor of 1079 and 377?
13
What is the highest common factor of 414 and 46?
46
What is the greatest common divisor of 272 and 16?
16
Calculate the highest common divisor of 261 and 1035.
9
Calculate the highest common divisor of 66 and 407.
11
What is the greatest common factor of 55 and 121?
11
Calculate the highest common divisor of 32 and 18.
2
Calculate the greatest common factor of 105 and 15.
15
Calculate the highest common factor of 150 and 525.
75
What is the greatest common divisor of 28 and 1540?
28
Calculate the greatest common divisor of 260 and 60.
20
What is the highest common divisor of 1332 and 12?
12
Calculate the greatest common divisor of 119 and 2023.
119
What is the greatest common factor of 332 and 16?
4
Calculate the highest common divisor of 575 and 50.
25
Calculate the greatest common divisor of 2398 and 1744.
218
What is the highest common divisor of 5655 and 2145?
195
Calculate the greatest common factor of 426 and 12.
6
What is the highest common factor of 50 and 925?
25
Calculate the highest common divisor of 9883 and 1.
1
What is the highest common factor of 64 and 32?
32
What is the highest common divisor of 98 and 14?
14
Calculate the highest common factor of 13 and 94237.
13
What is the highest common factor of 144 and 828?
36
Calculate the greatest common factor of 686 and 294.
98
Calculate the highest common factor of 3534 and 798.
114
Calculate the highest common factor of 2650 and 318.
106
Calculate the greatest common divisor of 531 and 81.
9
What is the highest common divisor of 27 and 1?
1
What is the greatest common divisor of 189 and 7?
7
Calculate the greatest common divisor of 1656 and 30.
6
What is the greatest common divisor of 945 and 27?
27
Calculate the highest common factor of 72 and 744.
24
Calculate the greatest common divisor of 11 and 7425.
11
Calculate the greatest common factor of 1055 and 422.
211
What is the highest common fact